*2 - 19*m + 44. Let f be t(p). What is the highest common divisor of 295 and f?
59
Let b(g) = -3*g + 34. Let q be b(10). Let u(l) = 28*l - 44. Let w be u(q). What is the greatest common divisor of 51 and w?
17
Suppose -5*v + 99 = 4*z, 0 = 2*z - 4*v - 34 + 4. Let j = 153 - z. What is the greatest common divisor of j and 24?
12
Let x = 643 - 733. Let m be -9*24/x*5. Let s(b) = 4*b + 8. Let n be s(7). What is the greatest common factor of n and m?
12
Let a = -62 - -127. Let j be 4/26 - (-4670)/a. Calculate the greatest common factor of 9 and j.
9
Let r = 25331 + -12458. What is the highest common divisor of r and 21?
21
Let l be (60/(-45) + (-2)/(-1))*3. Suppose 0*x + 11 = n - 3*x, -l*n + 4*x = -32. Calculate the greatest common divisor of n and 2.
2
Let w(f) = 3*f - 72. Let y be w(23). Let i be 3*(18 + (y - 4)). What is the greatest common divisor of i and 44?
11
Let i be (-13)/(65/30) + 8. Suppose 0 = 3*m - 2*s - 30, i*m + 5*s - 6 = 14. What is the greatest common factor of m and 190?
10
Suppose 2*l + 32 = 6*l. Let v(t) = t**2 - 3*t + 13. Let d be v(0). Let k(y) = 10*y - 42. Let s be k(d). What is the highest common factor of s and l?
8
Suppose -31 = -2*x + x. Suppose 0*b + 868 = x*b. What is the highest common factor of b and 7?
7
Suppose -d - 73134 = -153*d + 49378. Calculate the greatest common divisor of d and 598.
26
Suppose 0 = 4*y - 4*z - 12, -y + 3*y = -z + 15. Let p be ((-68)/(-34))/(22/(-33) + 260/372). What is the highest common divisor of p and y?
2
Suppose 0 = -t - 8 + 230. What is the highest common divisor of t and 1702?
74
Suppose 310 - 217 = 6*v - 687. Calculate the greatest common factor of v and 2938.
26
Let y be (-7)/(315/6) + (-17677)/(-165). Suppose 0 = y*w - 89*w - 306. What is the greatest common factor of 1139 and w?
17
Suppose -24 = -4*q - 2*r, 2*r = 5*q - 6 - 6. Let o be ((-24)/(-16) - 1) + 62/q. Let l = o + 17. What is the highest common divisor of 297 and l?
33
Let p(v) = v**2 + 23*v - 8. Let q(z) = -z**2 - 20*z - 109. Let f be q(-6). Let t be p(f). What is the highest common divisor of 56 and t?
14
Suppose 3*v - 5*n = 1749, 2*v + 2*n = -3*n + 1091. What is the highest common factor of 56 and v?
8
Suppose 0 = a - 10 - 10. Suppose 5*l + a = l, 2*i = 3*l + 43. Let f be (3 - (-7)/((-35)/(-475)))/1. Calculate the highest common factor of i and f.
14
Let o = -10 - -17. Suppose -n + 2*x - 5*x + 10 = 0, 0 = 2*x - 4. Let r be ((-539)/(-28))/(1/n). What is the highest common divisor of r and o?
7
Suppose 113*x = 84*x + 2175. What is the greatest common divisor of 1175 and x?
25
Let n = 93 - 223. Let a be 20/(-8) + n/(-4). Let b(g) = -g**2 - 7*g + 4. Let w be b(-6). Calculate the greatest common divisor of a and w.
10
Suppose 4*n - n = 255. Suppose -100 = -4*d + 2*i, -2*d - d + n = i. Let l be d/12*2*344/12. What is the highest common factor of l and 86?
43
Let y(c) = c**3 - 112*c**2 - 2193*c + 105. Let v be y(129). Suppose 420 = -0*b + 3*b. Calculate the greatest common divisor of b and v.
35
Suppose 4*f = -0*f + 592. Suppose 5*j + 3*m + 12 = 404, m = 2*j - f. Let a = 6681 - 6567. What is the greatest common divisor of a and j?
38
Suppose 17*j - 305 = 12*j. Suppose 0 = -54*h + 39*h + 915. Calculate the greatest common factor of h and j.
61
Suppose 86*m = 99*m - 12038. Let j = 1898 - m. Calculate the highest common factor of 24 and j.
12
Let q(l) = -4*l**3 - 2*l**2 + 3*l + 5. Let z be q(-5). What is the highest common divisor of z and 275?
55
Let g(l) = 22*l - 26. Let v be g(5). Suppose 4*c + 5*u - 7*u - 360 = 0, -c + v = u. Calculate the highest common factor of c and 8.
8
Suppose o = -4 - 1, 5*u - 95 = 4*o. Let a be 20/u + 4/6. Suppose 0 = -5*l + 2*k + 6, -l + a*k - 4*k = -6. What is the highest common factor of l and 2?
2
Let t = 23456 + -23452. What is the greatest common factor of t and 9532?
4
Let o(y) = -2*y**3 + y**2 + 2*y - 3. Let k be o(-3). Let x be (-5 + -5 + 0)*-2*(-90)/(-50). Calculate the greatest common divisor of k and x.
18
Suppose -6*k = -14*k + 176. Let z(u) = 65*u - 680. Let f be z(13). What is the greatest common divisor of k and f?
11
Let l(s) = -2*s**2 + 30*s - 38. Suppose 3*z + 0 = 36. Let v be l(z). What is the highest common divisor of 425 and v?
17
Suppose -3*a + 4*a = 1. Let m be (7/(14/6))/a. Suppose 2*y - 76 = m*t - 5*t, 2*t = 2*y - 84. What is the greatest common divisor of 100 and y?
20
Suppose 7*b = 21*b - 182. Suppose 2*c + 734 = 4*g, c = -5*g + 939 - 32. What is the greatest common divisor of g and b?
13
Suppose -12 = -0*d + 3*d. Let q be ((-11)/d - 2) + 250/8. Let l be q*((-3)/18 - (-6)/9). What is the highest common divisor of l and 16?
16
Let c be (171/(-190))/(6/10)*-72. Suppose -25 = 5*w, 0 = m - 5*w - 5 + 38. Let y = m + c. Calculate the highest common factor of 125 and y.
25
Let d = -8392 - -8443. What is the greatest common divisor of d and 12546?
51
Let p = 1080 + -1042. Calculate the greatest common divisor of 5738 and p.
38
Suppose 4125*v - 4051*v - 225330 = 0. What is the greatest common factor of 1885 and v?
145
Let i(l) = l**3 - 7*l**2 + 2*l - 7. Let w be i(7). Suppose -6*d - 54 = -w*d. Let b = 129 - d. What is the highest common divisor of 25 and b?
25
Let y = -2646 - -7623. Calculate the greatest common divisor of 42 and y.
21
Let s be 385633/271 + (-18)/(-1). Calculate the highest common divisor of 11 and s.
11
Let y = -77 - -79. Suppose 0 = -4*c + y*k + 18, -5*k - 13 + 52 = 2*c. Calculate the greatest common factor of 56 and c.
7
Let s be (5/(-3))/(2095/(-89247)). Calculate the highest common divisor of s and 1207.
71
Let t be (-19)/((-209)/154) + -3 + -1. Suppose -7*y + 2*y = -10. What is the highest common divisor of t and y?
2
Suppose -147*g + 221 = -99*g + 29. Calculate the greatest common factor of 13 and g.
1
Let u = 10331 + -8587. What is the greatest common divisor of 24 and u?
8
Let o be (-4)/40 - ((-5406)/60 - -6). Calculate the greatest common factor of 2004 and o.
12
Let c be ((-4)/3)/(9*(-18)/(-243)). Let b(k) = 52*k**2 - 8*k + 8. Let l be b(c). What is the highest common divisor of 29 and l?
29
Suppose -4*b - p = -6635, -4*b - 5*p + 2604 = -4027. Calculate the highest common factor of b and 21.
21
Let l be (18 - 15/540*639)/((-1)/(-196)). Suppose 20 = -0*z + 5*z. Suppose z*k - 78 = 3*k + 4*f, -k = -2*f - 88. What is the highest common divisor of k and l?
49
Let q = -5 - 2. Let u = -6 - q. Let l = 4744 - 4741. What is the highest common divisor of u and l?
1
Let t be ((-44)/(-10))/(271/28455). What is the greatest common divisor of 84 and t?
42
Suppose 2*v - 87 = -19*v + 60. Let s = -2 + 2. Let o = 2 + s. Calculate the greatest common factor of v and o.
1
Let r be (-2)/4*(18 + 0). Let w(q) = 38*q - 207. Let d be w(5). Let z = r - d. Calculate the highest common factor of z and 56.
8
Suppose 572 = 22*z + 4*z. Let h be ((-228)/(-3) + 4)/1. Let i be ((-704)/h)/(4/(-10)). Calculate the greatest common factor of z and i.
22
Let b(t) = -15*t - 1335. Let g be b(-95). Let u be 15*(28/5 - 2). What is the highest common factor of g and u?
18
Let x be ((-16)/(-60)*-3)/((-64096)/10680 + 6). What is the greatest common factor of 96 and x?
6
Suppose 13*x = -x + 42. Suppose -2*z + 391 + 301 = -5*c, -x*c - 411 = 3*z. Let f = -125 - c. What is the highest common divisor of f and 13?
13
Suppose -2*f - 4*r = -32, -r = -5*f - 6*r + 85. Suppose -g = f*g - 418. Calculate the highest common divisor of 297 and g.
11
Let c(t) = 4*t**2 - 7*t + 41. Let h be c(13). Let p = -593 + h. Calculate the highest common factor of 11 and p.
11
Let g be ((-8)/(-5))/(2/30). Let p = 432 - -116. Let s = p - 532. Calculate the highest common divisor of s and g.
8
Suppose 7*h + 45 = 10*h. Let f(o) = o - 22. Let d be f(31). Calculate the greatest common factor of h and d.
3
Let d be 40512/288 + (-1)/(-3). Suppose -d = -3*y + 3. Suppose 6*f = 3*f + 12, 5*f + 124 = 2*s. Calculate the greatest common divisor of y and s.
24
Let b(a) = -3*a - 2. Suppose -3*q = q - 8. Suppose -3*z = -q*z + 6. Let i be b(z). What is the greatest common divisor of i and 176?
16
Suppose 112*i = 118*i - 486. Suppose 14 - 36 = -3*v - w, 2*v + 2*w - 8 = 0. Calculate the greatest common factor of v and i.
9
Let t be ((-8)/(-3))/(-7*(-5)/105). Suppose 1318 + 890 = t*g. Calculate the highest common divisor of 69 and g.
69
Suppose 